5, 677
Let g = -35 - -39. Suppose 0 = -5*h + g*h + 218. Suppose 2*a = -5*n + 3*n + h, -5*a - 3*n = -535. List the prime factors of a.
2, 13
List the prime factors of -4 + (45467 - 24)*(-2)/(-2).
45439
Let o(x) = 5*x**3 - x**2 + 2*x - 2. Let y be o(1). Suppose -258 = 9*n - 12*n. Suppose -14 = -y*g + n. List the prime factors of g.
5
Suppose 0 = -h - 5, -2*j + j + 4*h = -118. Let v(z) = z**3 - 8*z**2 + 2*z + 5. Let f be v(6). Let a = j + f. What are the prime factors of a?
43
Let m = -24465 - -42804. What are the prime factors of m?
3, 6113
Let c(r) = r**2 - 8*r - 19. Let k be -3 - -6*32/12. Let d(z) = z**2 - 12*z - 2. Let u be d(k). List the prime factors of c(u).
2, 7
Let n(h) = 4*h**3 - 8*h**2 - 3*h + 4. Let u be n(2). What are the prime factors of (u/(-5))/(24/2220)?
37
Let h = 14083 + -5191. What are the prime factors of h?
2, 3, 13, 19
List the prime factors of 8780850/1890 - (-2)/42.
2, 23, 101
Suppose -85184 + 203061 + 73613 = 26*i. What are the prime factors of i?
3, 5, 491
Suppose -a = -0*a - 15. Let l(u) = -11*u - 3 + a + 2*u**2 - 5*u**2 + 2*u**2. What are the prime factors of l(-11)?
2, 3
Let n(c) = -c**2 - 5*c + 9. Let k be n(8). Let r = -93 - k. Suppose 96 = r*y + 36. What are the prime factors of y?
2, 3, 5
Let a be 210/112 - (-3)/24 - 7. Let t(q) = 25*q**2 + 3*q + 37. What are the prime factors of t(a)?
647
Suppose 62*m = -2*t + 66*m + 23422, 2*t - 2*m = 23430. What are the prime factors of t?
11719
List the prime factors of -5*(-3398)/(4*1/6).
3, 5, 1699
Suppose -5*q = 5*w - 68719 - 23241, -18396 = -q + 3*w. List the prime factors of q.
3, 6131
Suppose 805242 + 20140 + 528330 = 122*w. What are the prime factors of w?
2, 19, 73
Let j(f) = 3*f**2 - 3*f - 7. Suppose 0 = 13*v + 190 + 291. Let u = v - -30. List the prime factors of j(u).
7, 23
Let o(p) be the first derivative of 14/3*p**3 + 0*p**2 - 5 - 6*p. What are the prime factors of o(-4)?
2, 109
Let u = 206 - 242. What are the prime factors of (796/(-10))/(u/270)?
3, 199
Let i(w) = -2*w**3 + 65*w**2 + 59*w + 39. Let v be i(32). Suppose 4*f - 5*n + 1080 - v = 0, 5*f - 2*n - 2343 = 0. What are the prime factors of f?
7, 67
Let o = 1207 - 1203. Suppose -c - c = -8. Suppose 3*d - o*w = 829, -2*d + 346 + 208 = -c*w. List the prime factors of d.
5, 11
Let z(b) = -3*b**3 + 3*b**2 + 4*b + 3. Let w = -15 - 22. Let i = w + 35. List the prime factors of z(i).
31
Let n(h) = -165*h - 710. What are the prime factors of n(-9)?
5, 31
Let h = -50 + 353. Let d = 52 + h. What are the prime factors of d?
5, 71
Let r be (4 + 2)/(2 + (6 - 5)). What are the prime factors of ((-16)/(-4))/(r/274)?
2, 137
Let z = -16984 + 28434. List the prime factors of z.
2, 5, 229
Let k be (-2)/(-1) + 1 + 2. Let y be (-20)/(-75)*3*k. Suppose 0 = -2*f + y*a + 210, -430 = -4*f + 2*a + a. List the prime factors of f.
109
Suppose 31*d + 3120 = 37*d. Suppose -2*s + 15*r + d = 14*r, -4 = -2*r. What are the prime factors of s?
3, 29
Let k(g) = -g**2 + 30*g - 62. Let j be k(24). Suppose 60*r - j*r = -22968. List the prime factors of r.
2, 3, 29
Let k = -1368 + 2936. Let y = -868 + k. List the prime factors of y.
2, 5, 7
Let g = 34 + -28. Let b = 6 - g. Suppose 5*a - 78 - 32 = b. What are the prime factors of a?
2, 11
Suppose 4*j = 4*x - 5328, j + 3997 = -2*j + 2*x. Let n = -668 - j. What are the prime factors of n?
5, 7, 19
Let r = 571 - 568. Suppose 0 = k - r*i - 525, -3*i - 2190 = -5*k + 411. What are the prime factors of k?
3, 173
Let d(a) = 53*a + 23. Let l(u) = -53*u - 21. Let r(o) = 4*d(o) + 3*l(o). What are the prime factors of r(6)?
347
Let s = 478 + -453. Suppose -5*d + s = 0, 2*r - 3*d = r + 1129. List the prime factors of r.
2, 11, 13
Let u = 164 - 162. Suppose 0*n - 5*d = -n + 835, -2*n + 4*d = -1652. Suppose -2*q - 2*j - 3*j + 386 = 0, 4*q - u*j - n = 0. What are the prime factors of q?
7, 29
Suppose -8*h + 95*h = 1466559. List the prime factors of h.
3, 1873
Let v(a) = 444*a - 5668. What are the prime factors of v(45)?
2, 1789
Let c(v) = 220*v**3 + 2*v**2 - 2*v - 4. Let n be c(2). Suppose -24*b = -16*b - n. List the prime factors of b.
2, 5, 11
Suppose 10*d - 13*d = 21. Let t(u) = 10*u - 21. Let a be t(d). Let f = a - -237. List the prime factors of f.
2, 73
List the prime factors of 4 - 1/((-119386)/(-39796) + -3 + 0).
2, 3, 31, 107
Suppose 6 = 2*o - 2*y - 0, -3*o + 2*y + 6 = 0. What are the prime factors of o + (-5 + 4 - -322)?
3, 107
Suppose -3*y = 2*m - 2070, 8*y - 6*y - 4 = 0. List the prime factors of m.
2, 3, 43
Let v = 2314 + 4868. Suppose 66*i = 57*i + v. List the prime factors of i.
2, 3, 7, 19
Suppose 4*b + 111 - 951 = 0. Suppose -1113 = -3*f - 2*x - 2*x, -2*f + 3*x = -725. Let z = f - b. List the prime factors of z.
157
Let n(w) = 86*w**2 - 8*w - 104. What are the prime factors of n(-6)?
2, 5, 19
Let a = -10005 - -17917. List the prime factors of a.
2, 23, 43
Let h(q) = 2449*q + 1160. List the prime factors of h(16).
2, 3, 41
Let h(a) = 42*a**2 - 7*a - 29. Let k be h(-4). Let u = k - 557. List the prime factors of u.
2, 3, 19
Let d(s) = -s**2 - 43*s + 1359. List the prime factors of d(-55).
3, 233
Let z(x) = -2*x**3 - 4*x**2 + 3*x + 16. Let v be z(-4). Let a = 81 - v. What are the prime factors of a?
13
Suppose 4*z - 40947 = -f, -4*f + 163788 = 13*z - 17*z. List the prime factors of f.
3, 13649
Suppose 25*f - 326565 = -2*f. What are the prime factors of f?
5, 41, 59
Let o = 4964 - -1833. List the prime factors of o.
7, 971
Let y(k) = -587*k + 21460. List the prime factors of y(0).
2, 5, 29, 37
Suppose -4538 = -4*w - 5*t + 1218, -1439 = -w + 3*t. List the prime factors of w.
1439
What are the prime factors of ((-120)/25 + (-1)/5)*(-103584)/120?
2, 13, 83
Let u(l) = l**3 + 55*l**2 + 112*l + 117. What are the prime factors of u(-49)?
5, 13, 139
Let k(n) = 2*n - 38. Let h be k(25). What are the prime factors of h/(3*6/(-12))*-121?
2, 11
Let r = 6641 + -3313. List the prime factors of r.
2, 13
Suppose 20*w + h - 22773 = 18*w, -5*h - 22815 = -2*w. List the prime factors of w.
2, 5, 17, 67
List the prime factors of (-10 + 9 - 4) + 7948.
13, 47
Suppose j - 4*w - 7697 = 0, -4*j + 1430 + 29434 = 3*w. What are the prime factors of j?
3, 857
Let k be (-2)/3*3 - -12. Suppose -3*z - 12 = 0, -d = 2*z - 35 - k. Let g = -32 + d. List the prime factors of g.
3, 7
Suppose -2*j + 2*k + 121500 = 43324, -k = 6. What are the prime factors of j?
2, 19541
Let m(i) = 2*i**2 + 38*i - 40. Let g be m(-20). Let f(j) = j**2 - 2*j + 263. Let x be f(g). Let p = -183 + x. What are the prime factors of p?
2, 5
Let n(k) = 172*k**3 + 2*k**2 + 2*k - 3. Suppose 3*c - 5 = -4*b - 32, -3*b - 3*c - 24 = 0. Let o be (3 + 1 - 0) + (-6 - b). What are the prime factors of n(o)?
173
Let o(b) = -4*b - 5 - 3*b - 2 - 7*b**2 - 1. Let g(h) = -36*h**2 - 36*h - 39. Let r(l) = 4*g(l) - 21*o(l). What are the prime factors of r(6)?
2, 3, 23
Let t be 45/(-2)*(9 - (-56)/(-24)). List the prime factors of (-50)/t*(-4446)/(-1).
2, 3, 13, 19
Let l(y) = 1835*y**2 + 24*y - 107. List the prime factors of l(3).
2, 5, 103
Suppose 133 = -5*d - 4*n, -6 = 4*d - 3*n + 119. Let r = d - -191. What are the prime factors of (-1 - (-3 + 4)) + r?
2, 5
Let v = 321 - 319. Suppose -4*m + 1288 = 3*u, u - m - 1313 = -v*u. List the prime factors of u.
2, 109
Suppose 0 = -5*l + 27*l + 66. Let x(i) = -110*i + 8. What are the prime factors of x(l)?
2, 13
List the prime factors of ((-23566)/1)/(-111 - -109).
11783
Let g(y) = -243*y - 1844. What are the prime factors of g(-67)?
14437
Let d(c) be the third derivative of c**6/120 - 13*c**5/30 - 89*c**4/24 + 4*c**3/3 - 28*c**2. List the prime factors of d(30).
2, 7, 67
Suppose 0 = c + b - 45 - 7, -5*c + 246 = -2*b. Let n = c - -387. List the prime factors of n.
19, 23
Suppose 169*d - 173*d + 19516 = 0. List the prime factors of d.
7, 17, 41
Let j be ((6 + -5)*-1)/((-2)/10). Let v(k) = -k**3 + 4*k**2 + 15*k - 16. Let c be v(j). What are the prime factors of ((-15)/(-2))/(17/c)?
3, 5
List the prime factors of 1158/(-2123) + 165666/11.
2, 3, 5, 251
Suppose 1192 - 134392 = -2*h. Suppose -49*z + h = 23*z. List the prime factors of z.
5, 37
Let a(y) = 5 + 9*y + 17*y + 6*y. Suppose 5*z + 25 = 0, 4*z + 20 + 3 = m. List the prime factors of a(m).
101
Let s be 2*(399/(-30) + (-24)/(-30)). Let l = s + 27. Suppose 650 = -l*u + 7*u. What are the pr